{"id":40,"date":"2026-02-22T07:54:12","date_gmt":"2026-02-22T07:54:12","guid":{"rendered":"https:\/\/continuonsepsj.ovh\/?page_id=40"},"modified":"2026-02-23T15:56:09","modified_gmt":"2026-02-23T15:56:09","slug":"la-liste","status":"publish","type":"page","link":"https:\/\/continuonsepsj.ovh\/?page_id=40","title":{"rendered":"La liste"},"content":{"rendered":"\n<figure class=\"wp-block-image size-large\"><img loading=\"lazy\" decoding=\"async\" width=\"1024\" height=\"274\" src=\"https:\/\/continuonsepsj.ovh\/wp-content\/uploads\/2026\/02\/Photo-groupe-municipales-1024x274.png\" alt=\"\" class=\"wp-image-67\" srcset=\"https:\/\/continuonsepsj.ovh\/wp-content\/uploads\/2026\/02\/Photo-groupe-municipales-1024x274.png 1024w, https:\/\/continuonsepsj.ovh\/wp-content\/uploads\/2026\/02\/Photo-groupe-municipales-300x80.png 300w, https:\/\/continuonsepsj.ovh\/wp-content\/uploads\/2026\/02\/Photo-groupe-municipales-768x206.png 768w, https:\/\/continuonsepsj.ovh\/wp-content\/uploads\/2026\/02\/Photo-groupe-municipales-1536x412.png 1536w, https:\/\/continuonsepsj.ovh\/wp-content\/uploads\/2026\/02\/Photo-groupe-municipales-850x228.png 850w, https:\/\/continuonsepsj.ovh\/wp-content\/uploads\/2026\/02\/Photo-groupe-municipales.png 1791w\" sizes=\"auto, (max-width: 1024px) 100vw, 1024px\" \/><\/figure>\n\n\n\n<figure class=\"wp-block-gallery has-nested-images columns-3 is-cropped wp-block-gallery-1 is-layout-flex wp-block-gallery-is-layout-flex\">\n<figure class=\"wp-block-image size-large is-style-rounded\"><img loading=\"lazy\" decoding=\"async\" width=\"768\" height=\"1024\" data-id=\"112\" src=\"https:\/\/continuonsepsj.ovh\/wp-content\/uploads\/2026\/02\/bri-768x1024.jpg\" alt=\"\" class=\"wp-image-112\" srcset=\"https:\/\/continuonsepsj.ovh\/wp-content\/uploads\/2026\/02\/bri-768x1025.jpg 768w, https:\/\/continuonsepsj.ovh\/wp-content\/uploads\/2026\/02\/bri-225x300.jpg 225w, https:\/\/continuonsepsj.ovh\/wp-content\/uploads\/2026\/02\/bri-1151x1536.jpg 1151w, https:\/\/continuonsepsj.ovh\/wp-content\/uploads\/2026\/02\/bri-300x400.jpg 300w, https:\/\/continuonsepsj.ovh\/wp-content\/uploads\/2026\/02\/bri-850x1134.jpg 850w, https:\/\/continuonsepsj.ovh\/wp-content\/uploads\/2026\/02\/bri.jpg 1242w\" sizes=\"auto, (max-width: 768px) 100vw, 768px\" \/><figcaption class=\"wp-element-caption\">Brigitte Pujuguet Guigue, 67 ans, cadre retrait\u00e9e de la protection de l&rsquo;enfance, maire sortant<\/figcaption><\/figure>\n\n\n\n<figure class=\"wp-block-image size-large is-style-rounded\"><img loading=\"lazy\" decoding=\"async\" width=\"681\" height=\"1024\" data-id=\"131\" src=\"https:\/\/continuonsepsj.ovh\/wp-content\/uploads\/2026\/02\/DSC_6450-1-681x1024.jpg\" alt=\"\" class=\"wp-image-131\" srcset=\"https:\/\/continuonsepsj.ovh\/wp-content\/uploads\/2026\/02\/DSC_6450-1-681x1024.jpg 681w, https:\/\/continuonsepsj.ovh\/wp-content\/uploads\/2026\/02\/DSC_6450-1-199x300.jpg 199w, https:\/\/continuonsepsj.ovh\/wp-content\/uploads\/2026\/02\/DSC_6450-1-768x1155.jpg 768w, https:\/\/continuonsepsj.ovh\/wp-content\/uploads\/2026\/02\/DSC_6450-1-1021x1536.jpg 1021w, https:\/\/continuonsepsj.ovh\/wp-content\/uploads\/2026\/02\/DSC_6450-1-1362x2048.jpg 1362w, https:\/\/continuonsepsj.ovh\/wp-content\/uploads\/2026\/02\/DSC_6450-1-300x451.jpg 300w, https:\/\/continuonsepsj.ovh\/wp-content\/uploads\/2026\/02\/DSC_6450-1-850x1278.jpg 850w, https:\/\/continuonsepsj.ovh\/wp-content\/uploads\/2026\/02\/DSC_6450-1-scaled.jpg 1702w\" sizes=\"auto, (max-width: 681px) 100vw, 681px\" \/><figcaption class=\"wp-element-caption\">Bruno Odeyer, 64 ans, responsable d&rsquo;\u00e9quipe dans le nucl\u00e9aire, \u00e9lu sortant d\u00e9l\u00e9gu\u00e9 aux associations<\/figcaption><\/figure>\n\n\n\n<figure class=\"wp-block-image size-large is-style-rounded\"><img loading=\"lazy\" decoding=\"async\" width=\"768\" height=\"1024\" data-id=\"136\" src=\"https:\/\/continuonsepsj.ovh\/wp-content\/uploads\/2026\/02\/DSC_6396-1-768x1024.jpg\" alt=\"\" class=\"wp-image-136\" srcset=\"https:\/\/continuonsepsj.ovh\/wp-content\/uploads\/2026\/02\/DSC_6396-1-768x1024.jpg 768w, https:\/\/continuonsepsj.ovh\/wp-content\/uploads\/2026\/02\/DSC_6396-1-225x300.jpg 225w, https:\/\/continuonsepsj.ovh\/wp-content\/uploads\/2026\/02\/DSC_6396-1-1151x1536.jpg 1151w, https:\/\/continuonsepsj.ovh\/wp-content\/uploads\/2026\/02\/DSC_6396-1-1535x2048.jpg 1535w, https:\/\/continuonsepsj.ovh\/wp-content\/uploads\/2026\/02\/DSC_6396-1-300x400.jpg 300w, https:\/\/continuonsepsj.ovh\/wp-content\/uploads\/2026\/02\/DSC_6396-1-850x1134.jpg 850w, https:\/\/continuonsepsj.ovh\/wp-content\/uploads\/2026\/02\/DSC_6396-1-scaled.jpg 1919w\" sizes=\"auto, (max-width: 768px) 100vw, 768px\" \/><figcaption class=\"wp-element-caption\">Pascale Deroite, 66 ans,  assistante de direction, retrait\u00e9e<\/figcaption><\/figure>\n\n\n\n<figure class=\"wp-block-image size-large is-style-rounded\"><img loading=\"lazy\" decoding=\"async\" width=\"768\" height=\"1024\" data-id=\"133\" src=\"https:\/\/continuonsepsj.ovh\/wp-content\/uploads\/2026\/02\/DSC_6411-1-768x1024.jpg\" alt=\"\" class=\"wp-image-133\" srcset=\"https:\/\/continuonsepsj.ovh\/wp-content\/uploads\/2026\/02\/DSC_6411-1-768x1024.jpg 768w, https:\/\/continuonsepsj.ovh\/wp-content\/uploads\/2026\/02\/DSC_6411-1-225x300.jpg 225w, https:\/\/continuonsepsj.ovh\/wp-content\/uploads\/2026\/02\/DSC_6411-1-1152x1536.jpg 1152w, https:\/\/continuonsepsj.ovh\/wp-content\/uploads\/2026\/02\/DSC_6411-1-1536x2048.jpg 1536w, https:\/\/continuonsepsj.ovh\/wp-content\/uploads\/2026\/02\/DSC_6411-1-300x400.jpg 300w, https:\/\/continuonsepsj.ovh\/wp-content\/uploads\/2026\/02\/DSC_6411-1-850x1133.jpg 850w, https:\/\/continuonsepsj.ovh\/wp-content\/uploads\/2026\/02\/DSC_6411-1-scaled.jpg 1920w\" sizes=\"auto, (max-width: 768px) 100vw, 768px\" \/><figcaption class=\"wp-element-caption\">Mathieu Lechevalier-Boissel, 62 ans, directeur, d&rsquo;\u00e9tabl socio-\u00e9ducatif<\/figcaption><\/figure>\n\n\n\n<figure class=\"wp-block-image size-large is-style-rounded\"><img loading=\"lazy\" decoding=\"async\" width=\"768\" height=\"1024\" data-id=\"130\" src=\"https:\/\/continuonsepsj.ovh\/wp-content\/uploads\/2026\/02\/DSC_6400-768x1024.jpg\" alt=\"\" class=\"wp-image-130\" srcset=\"https:\/\/continuonsepsj.ovh\/wp-content\/uploads\/2026\/02\/DSC_6400-768x1024.jpg 768w, https:\/\/continuonsepsj.ovh\/wp-content\/uploads\/2026\/02\/DSC_6400-225x300.jpg 225w, https:\/\/continuonsepsj.ovh\/wp-content\/uploads\/2026\/02\/DSC_6400-1152x1536.jpg 1152w, https:\/\/continuonsepsj.ovh\/wp-content\/uploads\/2026\/02\/DSC_6400-1536x2048.jpg 1536w, https:\/\/continuonsepsj.ovh\/wp-content\/uploads\/2026\/02\/DSC_6400-300x400.jpg 300w, https:\/\/continuonsepsj.ovh\/wp-content\/uploads\/2026\/02\/DSC_6400-850x1133.jpg 850w, https:\/\/continuonsepsj.ovh\/wp-content\/uploads\/2026\/02\/DSC_6400-scaled.jpg 1920w\" sizes=\"auto, (max-width: 768px) 100vw, 768px\" \/><figcaption class=\"wp-element-caption\">S\u00e9verine Lacroix, 48 ans, \u00e9ducatrice sp\u00e9cialis\u00e9e, \u00e9lue sortante<\/figcaption><\/figure>\n\n\n\n<figure class=\"wp-block-image size-large is-style-rounded\"><img loading=\"lazy\" decoding=\"async\" width=\"767\" height=\"1024\" data-id=\"132\" src=\"https:\/\/continuonsepsj.ovh\/wp-content\/uploads\/2026\/02\/DSC_6417-1-767x1024.jpg\" alt=\"\" class=\"wp-image-132\" srcset=\"https:\/\/continuonsepsj.ovh\/wp-content\/uploads\/2026\/02\/DSC_6417-1-767x1024.jpg 767w, https:\/\/continuonsepsj.ovh\/wp-content\/uploads\/2026\/02\/DSC_6417-1-225x300.jpg 225w, https:\/\/continuonsepsj.ovh\/wp-content\/uploads\/2026\/02\/DSC_6417-1-768x1026.jpg 768w, https:\/\/continuonsepsj.ovh\/wp-content\/uploads\/2026\/02\/DSC_6417-1-1150x1536.jpg 1150w, https:\/\/continuonsepsj.ovh\/wp-content\/uploads\/2026\/02\/DSC_6417-1-1533x2048.jpg 1533w, https:\/\/continuonsepsj.ovh\/wp-content\/uploads\/2026\/02\/DSC_6417-1-300x401.jpg 300w, https:\/\/continuonsepsj.ovh\/wp-content\/uploads\/2026\/02\/DSC_6417-1-850x1135.jpg 850w, https:\/\/continuonsepsj.ovh\/wp-content\/uploads\/2026\/02\/DSC_6417-1-scaled.jpg 1917w\" sizes=\"auto, (max-width: 767px) 100vw, 767px\" \/><figcaption class=\"wp-element-caption\">Raymond Rolland, 70 ans, oenologue-conseil retrait\u00e9<\/figcaption><\/figure>\n\n\n\n<figure class=\"wp-block-image size-large is-style-rounded\"><img loading=\"lazy\" decoding=\"async\" width=\"766\" height=\"1024\" data-id=\"135\" src=\"https:\/\/continuonsepsj.ovh\/wp-content\/uploads\/2026\/02\/DSC_6402-1-766x1024.jpg\" alt=\"\" class=\"wp-image-135\" srcset=\"https:\/\/continuonsepsj.ovh\/wp-content\/uploads\/2026\/02\/DSC_6402-1-766x1024.jpg 766w, https:\/\/continuonsepsj.ovh\/wp-content\/uploads\/2026\/02\/DSC_6402-1-224x300.jpg 224w, https:\/\/continuonsepsj.ovh\/wp-content\/uploads\/2026\/02\/DSC_6402-1-768x1027.jpg 768w, https:\/\/continuonsepsj.ovh\/wp-content\/uploads\/2026\/02\/DSC_6402-1-1149x1536.jpg 1149w, https:\/\/continuonsepsj.ovh\/wp-content\/uploads\/2026\/02\/DSC_6402-1-1531x2048.jpg 1531w, https:\/\/continuonsepsj.ovh\/wp-content\/uploads\/2026\/02\/DSC_6402-1-300x401.jpg 300w, https:\/\/continuonsepsj.ovh\/wp-content\/uploads\/2026\/02\/DSC_6402-1-850x1137.jpg 850w, https:\/\/continuonsepsj.ovh\/wp-content\/uploads\/2026\/02\/DSC_6402-1-scaled.jpg 1914w\" sizes=\"auto, (max-width: 766px) 100vw, 766px\" \/><figcaption class=\"wp-element-caption\">Delphine Jaussent, 53 ans, \u00e9lue sortante<\/figcaption><\/figure>\n\n\n\n<figure class=\"wp-block-image size-large is-style-rounded\"><img loading=\"lazy\" decoding=\"async\" width=\"769\" height=\"1024\" data-id=\"138\" src=\"https:\/\/continuonsepsj.ovh\/wp-content\/uploads\/2026\/02\/DSC_6372-1-769x1024.jpg\" alt=\"\" class=\"wp-image-138\" srcset=\"https:\/\/continuonsepsj.ovh\/wp-content\/uploads\/2026\/02\/DSC_6372-1-769x1024.jpg 769w, https:\/\/continuonsepsj.ovh\/wp-content\/uploads\/2026\/02\/DSC_6372-1-225x300.jpg 225w, https:\/\/continuonsepsj.ovh\/wp-content\/uploads\/2026\/02\/DSC_6372-1-768x1022.jpg 768w, https:\/\/continuonsepsj.ovh\/wp-content\/uploads\/2026\/02\/DSC_6372-1-1154x1536.jpg 1154w, https:\/\/continuonsepsj.ovh\/wp-content\/uploads\/2026\/02\/DSC_6372-1-1539x2048.jpg 1539w, https:\/\/continuonsepsj.ovh\/wp-content\/uploads\/2026\/02\/DSC_6372-1-300x399.jpg 300w, https:\/\/continuonsepsj.ovh\/wp-content\/uploads\/2026\/02\/DSC_6372-1-850x1131.jpg 850w, https:\/\/continuonsepsj.ovh\/wp-content\/uploads\/2026\/02\/DSC_6372-1.jpg 1814w\" sizes=\"auto, (max-width: 769px) 100vw, 769px\" \/><figcaption class=\"wp-element-caption\">Cl\u00e9ment All\u00e8gre, 35 ans, ing\u00e9nieur-projet<\/figcaption><\/figure>\n\n\n\n<figure class=\"wp-block-image size-large is-style-rounded\"><img loading=\"lazy\" decoding=\"async\" width=\"847\" height=\"1024\" data-id=\"127\" src=\"https:\/\/continuonsepsj.ovh\/wp-content\/uploads\/2026\/02\/DSC_6476-2-847x1024.jpg\" alt=\"\" class=\"wp-image-127\" srcset=\"https:\/\/continuonsepsj.ovh\/wp-content\/uploads\/2026\/02\/DSC_6476-2-847x1024.jpg 847w, https:\/\/continuonsepsj.ovh\/wp-content\/uploads\/2026\/02\/DSC_6476-2-248x300.jpg 248w, https:\/\/continuonsepsj.ovh\/wp-content\/uploads\/2026\/02\/DSC_6476-2-768x929.jpg 768w, https:\/\/continuonsepsj.ovh\/wp-content\/uploads\/2026\/02\/DSC_6476-2-1270x1536.jpg 1270w, https:\/\/continuonsepsj.ovh\/wp-content\/uploads\/2026\/02\/DSC_6476-2-300x363.jpg 300w, https:\/\/continuonsepsj.ovh\/wp-content\/uploads\/2026\/02\/DSC_6476-2-850x1028.jpg 850w, https:\/\/continuonsepsj.ovh\/wp-content\/uploads\/2026\/02\/DSC_6476-2.jpg 1368w\" sizes=\"auto, (max-width: 847px) 100vw, 847px\" \/><figcaption class=\"wp-element-caption\">Murielle Malterre, 61 ans, employ\u00e9e en restauration<\/figcaption><\/figure>\n\n\n\n<figure class=\"wp-block-image size-large is-style-rounded\"><img loading=\"lazy\" decoding=\"async\" width=\"769\" height=\"1024\" data-id=\"126\" src=\"https:\/\/continuonsepsj.ovh\/wp-content\/uploads\/2026\/02\/DSC_6406-769x1024.jpg\" alt=\"\" class=\"wp-image-126\" srcset=\"https:\/\/continuonsepsj.ovh\/wp-content\/uploads\/2026\/02\/DSC_6406-769x1024.jpg 769w, https:\/\/continuonsepsj.ovh\/wp-content\/uploads\/2026\/02\/DSC_6406-225x300.jpg 225w, https:\/\/continuonsepsj.ovh\/wp-content\/uploads\/2026\/02\/DSC_6406-768x1022.jpg 768w, https:\/\/continuonsepsj.ovh\/wp-content\/uploads\/2026\/02\/DSC_6406-1154x1536.jpg 1154w, https:\/\/continuonsepsj.ovh\/wp-content\/uploads\/2026\/02\/DSC_6406-300x399.jpg 300w, https:\/\/continuonsepsj.ovh\/wp-content\/uploads\/2026\/02\/DSC_6406-850x1132.jpg 850w, https:\/\/continuonsepsj.ovh\/wp-content\/uploads\/2026\/02\/DSC_6406.jpg 1518w\" sizes=\"auto, (max-width: 769px) 100vw, 769px\" \/><figcaption class=\"wp-element-caption\">Luc Leclerc, 67 ans, ing\u00e9nieur \u00e9lectronicien retrait\u00e9<\/figcaption><\/figure>\n\n\n\n<figure class=\"wp-block-image size-large is-style-rounded\"><img loading=\"lazy\" decoding=\"async\" width=\"702\" height=\"936\" data-id=\"111\" src=\"https:\/\/continuonsepsj.ovh\/wp-content\/uploads\/2026\/02\/cendrine-2.jpg\" alt=\"\" class=\"wp-image-111\" srcset=\"https:\/\/continuonsepsj.ovh\/wp-content\/uploads\/2026\/02\/cendrine-2.jpg 702w, https:\/\/continuonsepsj.ovh\/wp-content\/uploads\/2026\/02\/cendrine-2-225x300.jpg 225w, https:\/\/continuonsepsj.ovh\/wp-content\/uploads\/2026\/02\/cendrine-2-300x400.jpg 300w\" sizes=\"auto, (max-width: 702px) 100vw, 702px\" \/><figcaption class=\"wp-element-caption\">Sandrine Laffon, 52 ans, assistante m\u00e9dico-administrative<\/figcaption><\/figure>\n\n\n\n<figure class=\"wp-block-image size-large is-style-rounded\"><img loading=\"lazy\" decoding=\"async\" width=\"766\" height=\"1024\" data-id=\"139\" src=\"https:\/\/continuonsepsj.ovh\/wp-content\/uploads\/2026\/02\/DSC_6377-1-766x1024.jpg\" alt=\"\" class=\"wp-image-139\" srcset=\"https:\/\/continuonsepsj.ovh\/wp-content\/uploads\/2026\/02\/DSC_6377-1-766x1024.jpg 766w, https:\/\/continuonsepsj.ovh\/wp-content\/uploads\/2026\/02\/DSC_6377-1-224x300.jpg 224w, https:\/\/continuonsepsj.ovh\/wp-content\/uploads\/2026\/02\/DSC_6377-1-768x1026.jpg 768w, https:\/\/continuonsepsj.ovh\/wp-content\/uploads\/2026\/02\/DSC_6377-1-1149x1536.jpg 1149w, https:\/\/continuonsepsj.ovh\/wp-content\/uploads\/2026\/02\/DSC_6377-1-1532x2048.jpg 1532w, https:\/\/continuonsepsj.ovh\/wp-content\/uploads\/2026\/02\/DSC_6377-1-300x401.jpg 300w, https:\/\/continuonsepsj.ovh\/wp-content\/uploads\/2026\/02\/DSC_6377-1-850x1136.jpg 850w, https:\/\/continuonsepsj.ovh\/wp-content\/uploads\/2026\/02\/DSC_6377-1-scaled.jpg 1915w\" sizes=\"auto, (max-width: 766px) 100vw, 766px\" \/><figcaption class=\"wp-element-caption\">Nicolas Giraud, 46 ans, consultant &amp; coach commercial<\/figcaption><\/figure>\n\n\n\n<figure class=\"wp-block-image size-large is-style-rounded\"><img loading=\"lazy\" decoding=\"async\" width=\"767\" height=\"1024\" data-id=\"118\" src=\"https:\/\/continuonsepsj.ovh\/wp-content\/uploads\/2026\/02\/DSC_6392-767x1024.jpg\" alt=\"\" class=\"wp-image-118\" srcset=\"https:\/\/continuonsepsj.ovh\/wp-content\/uploads\/2026\/02\/DSC_6392-767x1024.jpg 767w, https:\/\/continuonsepsj.ovh\/wp-content\/uploads\/2026\/02\/DSC_6392-225x300.jpg 225w, https:\/\/continuonsepsj.ovh\/wp-content\/uploads\/2026\/02\/DSC_6392-768x1026.jpg 768w, https:\/\/continuonsepsj.ovh\/wp-content\/uploads\/2026\/02\/DSC_6392-1150x1536.jpg 1150w, https:\/\/continuonsepsj.ovh\/wp-content\/uploads\/2026\/02\/DSC_6392-1533x2048.jpg 1533w, https:\/\/continuonsepsj.ovh\/wp-content\/uploads\/2026\/02\/DSC_6392-300x401.jpg 300w, https:\/\/continuonsepsj.ovh\/wp-content\/uploads\/2026\/02\/DSC_6392-850x1135.jpg 850w, https:\/\/continuonsepsj.ovh\/wp-content\/uploads\/2026\/02\/DSC_6392.jpg 1710w\" sizes=\"auto, (max-width: 767px) 100vw, 767px\" \/><figcaption class=\"wp-element-caption\">Delphine Gozlan, 57 ans, Art-th\u00e9rapeute clinicienne<\/figcaption><\/figure>\n\n\n\n<figure class=\"wp-block-image size-large is-style-rounded\"><img loading=\"lazy\" decoding=\"async\" width=\"781\" height=\"1024\" data-id=\"128\" src=\"https:\/\/continuonsepsj.ovh\/wp-content\/uploads\/2026\/02\/raphael_payan-vignette-781x1024.jpg\" alt=\"\" class=\"wp-image-128\" srcset=\"https:\/\/continuonsepsj.ovh\/wp-content\/uploads\/2026\/02\/raphael_payan-vignette-781x1024.jpg 781w, https:\/\/continuonsepsj.ovh\/wp-content\/uploads\/2026\/02\/raphael_payan-vignette-229x300.jpg 229w, https:\/\/continuonsepsj.ovh\/wp-content\/uploads\/2026\/02\/raphael_payan-vignette-768x1008.jpg 768w, https:\/\/continuonsepsj.ovh\/wp-content\/uploads\/2026\/02\/raphael_payan-vignette-1171x1536.jpg 1171w, https:\/\/continuonsepsj.ovh\/wp-content\/uploads\/2026\/02\/raphael_payan-vignette-1561x2048.jpg 1561w, https:\/\/continuonsepsj.ovh\/wp-content\/uploads\/2026\/02\/raphael_payan-vignette-300x394.jpg 300w, https:\/\/continuonsepsj.ovh\/wp-content\/uploads\/2026\/02\/raphael_payan-vignette-850x1115.jpg 850w, https:\/\/continuonsepsj.ovh\/wp-content\/uploads\/2026\/02\/raphael_payan-vignette.jpg 1648w\" sizes=\"auto, (max-width: 781px) 100vw, 781px\" \/><figcaption class=\"wp-element-caption\">Rapha\u00ebl Payan, 45 ans, responsable op\u00e9rationnel de maintenance<\/figcaption><\/figure>\n\n\n\n<figure class=\"wp-block-image size-large is-style-rounded\"><img loading=\"lazy\" decoding=\"async\" width=\"768\" height=\"1024\" data-id=\"134\" src=\"https:\/\/continuonsepsj.ovh\/wp-content\/uploads\/2026\/02\/DSC_6427-1-768x1024.jpg\" alt=\"\" class=\"wp-image-134\" srcset=\"https:\/\/continuonsepsj.ovh\/wp-content\/uploads\/2026\/02\/DSC_6427-1-768x1024.jpg 768w, https:\/\/continuonsepsj.ovh\/wp-content\/uploads\/2026\/02\/DSC_6427-1-225x300.jpg 225w, https:\/\/continuonsepsj.ovh\/wp-content\/uploads\/2026\/02\/DSC_6427-1-1152x1536.jpg 1152w, https:\/\/continuonsepsj.ovh\/wp-content\/uploads\/2026\/02\/DSC_6427-1-1536x2048.jpg 1536w, https:\/\/continuonsepsj.ovh\/wp-content\/uploads\/2026\/02\/DSC_6427-1-300x400.jpg 300w, https:\/\/continuonsepsj.ovh\/wp-content\/uploads\/2026\/02\/DSC_6427-1-850x1133.jpg 850w, https:\/\/continuonsepsj.ovh\/wp-content\/uploads\/2026\/02\/DSC_6427-1-scaled.jpg 1920w\" sizes=\"auto, (max-width: 768px) 100vw, 768px\" \/><figcaption class=\"wp-element-caption\">Marie Broc, 31 ans, commer\u00e7ante<\/figcaption><\/figure>\n\n\n\n<figure class=\"wp-block-image size-large is-style-rounded\"><img loading=\"lazy\" decoding=\"async\" width=\"778\" height=\"1022\" data-id=\"119\" src=\"https:\/\/continuonsepsj.ovh\/wp-content\/uploads\/2026\/02\/DSC_6467-2.jpg\" alt=\"\" class=\"wp-image-119\" srcset=\"https:\/\/continuonsepsj.ovh\/wp-content\/uploads\/2026\/02\/DSC_6467-2.jpg 778w, https:\/\/continuonsepsj.ovh\/wp-content\/uploads\/2026\/02\/DSC_6467-2-228x300.jpg 228w, https:\/\/continuonsepsj.ovh\/wp-content\/uploads\/2026\/02\/DSC_6467-2-768x1009.jpg 768w, https:\/\/continuonsepsj.ovh\/wp-content\/uploads\/2026\/02\/DSC_6467-2-300x394.jpg 300w\" sizes=\"auto, (max-width: 778px) 100vw, 778px\" \/><figcaption class=\"wp-element-caption\">Lucas Prioron, 28 ans, chef d&rsquo;\u00e9quipe<\/figcaption><\/figure>\n\n\n\n<figure class=\"wp-block-image size-large is-style-rounded\"><img loading=\"lazy\" decoding=\"async\" width=\"915\" height=\"1024\" data-id=\"113\" src=\"https:\/\/continuonsepsj.ovh\/wp-content\/uploads\/2026\/02\/DSC_6478-2-915x1024.jpg\" alt=\"\" class=\"wp-image-113\" srcset=\"https:\/\/continuonsepsj.ovh\/wp-content\/uploads\/2026\/02\/DSC_6478-2-915x1024.jpg 915w, https:\/\/continuonsepsj.ovh\/wp-content\/uploads\/2026\/02\/DSC_6478-2-268x300.jpg 268w, https:\/\/continuonsepsj.ovh\/wp-content\/uploads\/2026\/02\/DSC_6478-2-768x860.jpg 768w, https:\/\/continuonsepsj.ovh\/wp-content\/uploads\/2026\/02\/DSC_6478-2-300x336.jpg 300w, https:\/\/continuonsepsj.ovh\/wp-content\/uploads\/2026\/02\/DSC_6478-2-850x952.jpg 850w, https:\/\/continuonsepsj.ovh\/wp-content\/uploads\/2026\/02\/DSC_6478-2.jpg 1354w\" sizes=\"auto, (max-width: 915px) 100vw, 915px\" \/><figcaption class=\"wp-element-caption\">Virginie Roch-Carri\u00e8re, 48 ans, secr\u00e9taire<\/figcaption><\/figure>\n\n\n\n<figure class=\"wp-block-image size-large is-style-rounded\"><img loading=\"lazy\" decoding=\"async\" width=\"768\" height=\"1024\" data-id=\"110\" src=\"https:\/\/continuonsepsj.ovh\/wp-content\/uploads\/2026\/02\/DSC_6430-768x1024.jpg\" alt=\"\" class=\"wp-image-110\" srcset=\"https:\/\/continuonsepsj.ovh\/wp-content\/uploads\/2026\/02\/DSC_6430-768x1023.jpg 768w, https:\/\/continuonsepsj.ovh\/wp-content\/uploads\/2026\/02\/DSC_6430-225x300.jpg 225w, https:\/\/continuonsepsj.ovh\/wp-content\/uploads\/2026\/02\/DSC_6430-1153x1536.jpg 1153w, https:\/\/continuonsepsj.ovh\/wp-content\/uploads\/2026\/02\/DSC_6430-300x400.jpg 300w, https:\/\/continuonsepsj.ovh\/wp-content\/uploads\/2026\/02\/DSC_6430-850x1133.jpg 850w, https:\/\/continuonsepsj.ovh\/wp-content\/uploads\/2026\/02\/DSC_6430.jpg 1242w\" sizes=\"auto, (max-width: 768px) 100vw, 768px\" \/><figcaption class=\"wp-element-caption\">S\u00e9bastien Chappelle, 46 ans, artisan multi-services<\/figcaption><\/figure>\n\n\n\n<figure class=\"wp-block-image size-large is-style-rounded\"><img loading=\"lazy\" decoding=\"async\" width=\"769\" height=\"1024\" data-id=\"114\" src=\"https:\/\/continuonsepsj.ovh\/wp-content\/uploads\/2026\/02\/DSC_6388-769x1024.jpg\" alt=\"\" class=\"wp-image-114\" srcset=\"https:\/\/continuonsepsj.ovh\/wp-content\/uploads\/2026\/02\/DSC_6388-769x1024.jpg 769w, https:\/\/continuonsepsj.ovh\/wp-content\/uploads\/2026\/02\/DSC_6388-225x300.jpg 225w, https:\/\/continuonsepsj.ovh\/wp-content\/uploads\/2026\/02\/DSC_6388-768x1023.jpg 768w, https:\/\/continuonsepsj.ovh\/wp-content\/uploads\/2026\/02\/DSC_6388-1153x1536.jpg 1153w, https:\/\/continuonsepsj.ovh\/wp-content\/uploads\/2026\/02\/DSC_6388-300x400.jpg 300w, https:\/\/continuonsepsj.ovh\/wp-content\/uploads\/2026\/02\/DSC_6388-850x1132.jpg 850w, https:\/\/continuonsepsj.ovh\/wp-content\/uploads\/2026\/02\/DSC_6388.jpg 1459w\" sizes=\"auto, (max-width: 769px) 100vw, 769px\" \/><figcaption class=\"wp-element-caption\">Virginie Justamond, 54 ans, professeur des \u00e9coles<\/figcaption><\/figure>\n\n\n\n<figure class=\"wp-block-image size-large is-style-rounded\"><img loading=\"lazy\" decoding=\"async\" width=\"848\" height=\"1024\" data-id=\"122\" src=\"https:\/\/continuonsepsj.ovh\/wp-content\/uploads\/2026\/02\/martial-fond-848x1024.jpg\" alt=\"\" class=\"wp-image-122\" srcset=\"https:\/\/continuonsepsj.ovh\/wp-content\/uploads\/2026\/02\/martial-fond-848x1024.jpg 848w, https:\/\/continuonsepsj.ovh\/wp-content\/uploads\/2026\/02\/martial-fond-248x300.jpg 248w, https:\/\/continuonsepsj.ovh\/wp-content\/uploads\/2026\/02\/martial-fond-768x928.jpg 768w, https:\/\/continuonsepsj.ovh\/wp-content\/uploads\/2026\/02\/martial-fond-300x362.jpg 300w, https:\/\/continuonsepsj.ovh\/wp-content\/uploads\/2026\/02\/martial-fond-850x1027.jpg 850w, https:\/\/continuonsepsj.ovh\/wp-content\/uploads\/2026\/02\/martial-fond.jpg 1066w\" sizes=\"auto, (max-width: 848px) 100vw, 848px\" \/><figcaption class=\"wp-element-caption\">Martial Manzoro, 53 ans, conducteur de poids lourd<\/figcaption><\/figure>\n\n\n\n<figure class=\"wp-block-image size-large is-style-rounded\"><img loading=\"lazy\" decoding=\"async\" width=\"767\" height=\"1024\" data-id=\"137\" src=\"https:\/\/continuonsepsj.ovh\/wp-content\/uploads\/2026\/02\/DSC_6381-1-767x1024.jpg\" alt=\"\" class=\"wp-image-137\" srcset=\"https:\/\/continuonsepsj.ovh\/wp-content\/uploads\/2026\/02\/DSC_6381-1-767x1024.jpg 767w, https:\/\/continuonsepsj.ovh\/wp-content\/uploads\/2026\/02\/DSC_6381-1-225x300.jpg 225w, https:\/\/continuonsepsj.ovh\/wp-content\/uploads\/2026\/02\/DSC_6381-1-768x1025.jpg 768w, https:\/\/continuonsepsj.ovh\/wp-content\/uploads\/2026\/02\/DSC_6381-1-1151x1536.jpg 1151w, https:\/\/continuonsepsj.ovh\/wp-content\/uploads\/2026\/02\/DSC_6381-1-1535x2048.jpg 1535w, https:\/\/continuonsepsj.ovh\/wp-content\/uploads\/2026\/02\/DSC_6381-1-300x400.jpg 300w, https:\/\/continuonsepsj.ovh\/wp-content\/uploads\/2026\/02\/DSC_6381-1-850x1134.jpg 850w, https:\/\/continuonsepsj.ovh\/wp-content\/uploads\/2026\/02\/DSC_6381-1-scaled.jpg 1918w\" sizes=\"auto, (max-width: 767px) 100vw, 767px\" \/><figcaption class=\"wp-element-caption\">Mich\u00e8le Petitjean, 75 ans, coiffeuse retrait\u00e9e, \u00e9lue sortante<\/figcaption><\/figure>\n<\/figure>\n","protected":false},"excerpt":{"rendered":"","protected":false},"author":1,"featured_media":0,"parent":0,"menu_order":0,"comment_status":"closed","ping_status":"closed","template":"","meta":{"footnotes":""},"class_list":["post-40","page","type-page","status-publish","hentry"],"_links":{"self":[{"href":"https:\/\/continuonsepsj.ovh\/index.php?rest_route=\/wp\/v2\/pages\/40","targetHints":{"allow":["GET"]}}],"collection":[{"href":"https:\/\/continuonsepsj.ovh\/index.php?rest_route=\/wp\/v2\/pages"}],"about":[{"href":"https:\/\/continuonsepsj.ovh\/index.php?rest_route=\/wp\/v2\/types\/page"}],"author":[{"embeddable":true,"href":"https:\/\/continuonsepsj.ovh\/index.php?rest_route=\/wp\/v2\/users\/1"}],"replies":[{"embeddable":true,"href":"https:\/\/continuonsepsj.ovh\/index.php?rest_route=%2Fwp%2Fv2%2Fcomments&post=40"}],"version-history":[{"count":8,"href":"https:\/\/continuonsepsj.ovh\/index.php?rest_route=\/wp\/v2\/pages\/40\/revisions"}],"predecessor-version":[{"id":146,"href":"https:\/\/continuonsepsj.ovh\/index.php?rest_route=\/wp\/v2\/pages\/40\/revisions\/146"}],"wp:attachment":[{"href":"https:\/\/continuonsepsj.ovh\/index.php?rest_route=%2Fwp%2Fv2%2Fmedia&parent=40"}],"curies":[{"name":"wp","href":"https:\/\/api.w.org\/{rel}","templated":true}]}}